{"id":19324,"date":"2015-04-02T08:48:46","date_gmt":"2015-04-02T07:48:46","guid":{"rendered":"https:\/\/intelligent-friend-7861.standoutwp.com\/?page_id=19324"},"modified":"2026-04-30T16:26:08","modified_gmt":"2026-04-30T14:26:08","slug":"utstallningar-finspang-soderkoping-valdemarsvik","status":"publish","type":"page","link":"https:\/\/www.kultursidan.nu\/?page_id=19324","title":{"rendered":"UTST\u00c4LLNINGAR Finsp\u00e5ng"},"content":{"rendered":"<h3><span style=\"color: #ff0000;\">FINSP\u00c5NG<\/span><\/h3>\n<p><span style=\"color: #0000ff;\">UTST\u00c4LLNINGAR<\/span><\/p>\n<p><strong>Finsp\u00e5ngs bibliotek<\/strong> \u2022<\/p>\n<p><strong>Finsp\u00e5ngs Konstf\u00f6rening, Bergska skolan<\/strong> \u2022 <em>Lars Olofsson<\/em>. 5\u201319\/9 2026. \u2022 <em>Arjuna Geir Aasehaug &amp; Susanne Nyholm. <\/em>10\u201324\/40 2026. \u2022 <em>Anette Theodoridis &amp; Marianne Karlsson. <\/em>14\u201328\/11 2026.\u00a0\u2022\u2022 <strong>\u00d6ppet<\/strong> tisdag-torsdag kl 16.30\u201318, l\u00f6rdag-s\u00f6ndag kl 13\u201315. <a href=\"https:\/\/www.finspangskonstforening.se\" target=\"_blank\" rel=\"noopener\">Info<\/a><strong><br \/>\n<\/strong><\/p>\n<p><strong>Engelska magasinet\/Rejmyre Art Lab, REJMYRE <a href=\"https:\/\/www.rejmyreartlab.org\/events\" target=\"_blank\" rel=\"noopener\">Info<\/a><br \/>\n<\/strong><strong><em>Utst\u00e4llning:<\/em><\/strong> \u2022 <em>Finding Any Thing \u2013 Historien om Tillflyktspaviljongen \u2013 Daniel Peltz <\/em>.3\/4\u201317\/5 2026. \u2022\u2022<strong> \u00d6ppet<\/strong> onsdag &amp; l\u00f6rdag kl 11\u201316. Samt 3\u20135\/4, 9\u201310\/5 &amp; 14\u201317\/5 kl 11\u201316.<br \/>\n<strong><em>Tillflyktspaviljongen \u2013 The Refuge.<\/em><\/strong><\/p>\n<p><strong>Reijmyre glasmuseum\/Turistbyr\u00e5n, REJMYRE<\/strong> <em><strong>Fast utst\u00e4llning:<\/strong> Glasbrukshistoria \u2022 <strong>S\u00e4songsutst\u00e4llning:<\/strong><\/em> <em><del>Drycker \u2013 glasserviser, damejeanner och svagdricksflaskor.<\/del>\u00a0 <\/em>\u2022\u2022 <strong>\u00d6ppet 2025<\/strong>\u00a0L\u00f6rdag\u2013s\u00f6ndag kl 11\u201316. Midsommarafton st\u00e4ngt. 23\/6\u201317\/8 tisdag\u2013s\u00f6ndag kl 11\u201316. 18\/5\u201328\/9 l\u00f6rdag\u2013s\u00f6ndag kl 11\u201316..\u00a0 <a href=\"http:\/\/www.rejmyrehembygdsforening.se\/glasmuseum-2022.shtml\" target=\"_blank\" rel=\"noopener\">Info<\/a><\/p>\n<p><span style=\"color: #0000ff;\">ARBETSLIVSMUSEER, BYGDEG\u00c5RDAR, KYRKA m.m.<\/span><\/p>\n<p><strong>Docksk\u00e5psvr\u00e5n R\u00e4vl\u00e4mmen, Vandrarhemmet, LOTORP\u00a0<\/strong>\u00a0<a href=\"https:\/\/dockskapsvran.com\/kontakt-oppettider\/\" target=\"_blank\" rel=\"noopener\"> Info<\/a><del><\/del><\/p>\n<p><strong>Hembygdsg\u00e5rden, RISINGE<\/strong>\u00a0 <a href=\"https:\/\/www.hembygd.se\/risinge\" target=\"_blank\" rel=\"noopener\">Info<\/a><\/p>\n<p><strong>Hembygdsg\u00e5rden K\u00e4xelvik, <\/strong><strong>SKEDEVI <\/strong><a href=\"https:\/\/www.hembygd.se\/skedevi\" target=\"_blank\" rel=\"noopener\">Info<\/a><\/p>\n<p><strong>H\u00e4fla hammarsmedja, H\u00c4VLA \u2022\u2022<\/strong> <strong>\u00d6ppet<\/strong>\u00a0 21\/6, 28\/6 kl 11\u201317. \u00a01\/7\u201317\/8 tisdag\u2013s\u00f6ndag kl 11\u201317. \u2022 <em>Smedjans dag<\/em> x\/8. <a href=\"https:\/\/www.facebook.com\/SmedjansDag\/\" target=\"_blank\" rel=\"noopener\">Info<\/a><del><br \/>\n<\/del><\/p>\n<p><strong>Lantbruksmuseet, LJUSFALLSHAMMAR <\/strong><em>\u00a0\u2022\u2022 <\/em><strong>\u00d6ppet<\/strong> 24\/6\u201331\/8 tis, tors, s\u00f6n 10\u201316. <a href=\"http:\/\/www.lantbruksmuseum.se\" target=\"_blank\" rel=\"noopener\">Info<\/a><\/p>\n<p><strong>S:ta Maria kyrka, RISINGE<\/strong> \u2022\u2022 <strong>\u00d6ppet<\/strong> onsdagar kl. 9\u201314. Guidad visning \u00a08\/7, 15\/7,22\/7, 29\/7, 5\/8 \u00a0kl 17\u201318.\u00a0 <a href=\"https:\/\/www.svenskakyrkan.se\/finspang\/sta-maria-kyrka\" target=\"_blank\" rel=\"noopener\">Info<\/a><\/p>\n<p><strong>Turbinhistoriskt museum, Orangeriet vid Finsp\u00e5ngs slott.<\/strong> \u2022\u2022 <strong>\u00d6ppet<\/strong> torsdagar kl 13\u201316. <a href=\"https:\/\/www.visitostergotland.se\/196029\/Turbinmuseum-i-Orangeriet\/\" target=\"_blank\" rel=\"noopener\">Info<\/a><\/p>\n","protected":false},"excerpt":{"rendered":"<p>FINSP\u00c5NG UTST\u00c4LLNINGAR Finsp\u00e5ngs bibliotek \u2022 Finsp\u00e5ngs Konstf\u00f6rening, Bergska skolan \u2022 Lars Olofsson. 5\u201319\/9 2026. \u2022 Arjuna Geir Aasehaug &amp; Susanne Nyholm. 10\u201324\/40 2026. \u2022 Anette Theodoridis &amp; Marianne Karlsson. 14\u201328\/11 \u2026 <a class=\"continue-reading-link\" href=\"https:\/\/www.kultursidan.nu\/?page_id=19324\">L\u00e4s mer <span class=\"meta-nav\">&rarr; <\/span><\/a><\/p>\n","protected":false},"author":1001006,"featured_media":0,"parent":0,"menu_order":0,"comment_status":"closed","ping_status":"open","template":"","meta":{"footnotes":""},"class_list":["post-19324","page","type-page","status-publish","hentry"],"jetpack_sharing_enabled":true,"_links":{"self":[{"href":"https:\/\/www.kultursidan.nu\/index.php?rest_route=\/wp\/v2\/pages\/19324","targetHints":{"allow":["GET"]}}],"collection":[{"href":"https:\/\/www.kultursidan.nu\/index.php?rest_route=\/wp\/v2\/pages"}],"about":[{"href":"https:\/\/www.kultursidan.nu\/index.php?rest_route=\/wp\/v2\/types\/page"}],"author":[{"embeddable":true,"href":"https:\/\/www.kultursidan.nu\/index.php?rest_route=\/wp\/v2\/users\/1001006"}],"replies":[{"embeddable":true,"href":"https:\/\/www.kultursidan.nu\/index.php?rest_route=%2Fwp%2Fv2%2Fcomments&post=19324"}],"version-history":[{"count":124,"href":"https:\/\/www.kultursidan.nu\/index.php?rest_route=\/wp\/v2\/pages\/19324\/revisions"}],"predecessor-version":[{"id":43773,"href":"https:\/\/www.kultursidan.nu\/index.php?rest_route=\/wp\/v2\/pages\/19324\/revisions\/43773"}],"wp:attachment":[{"href":"https:\/\/www.kultursidan.nu\/index.php?rest_route=%2Fwp%2Fv2%2Fmedia&parent=19324"}],"curies":[{"name":"wp","href":"https:\/\/api.w.org\/{rel}","templated":true}]}}

UTSTÄLLNINGAR Finspång

<h3><span style="color: #ff0000;">FINSPÅNG</span></h3>
<p><span style="color: #0000ff;">UTSTÄLLNINGAR</span></p>
<p><strong>Finspångs bibliotek</strong> •</p>
<p><strong>Finspångs Konstförening, Bergska skolan</strong> • <em>Lars Olofsson</em>. 5–19/9 2026. • <em>Arjuna Geir Aasehaug &amp; Susanne Nyholm. </em>10–24/40 2026. • <em>Anette Theodoridis &amp; Marianne Karlsson. </em>14–28/11 2026. •• <strong>Öppet</strong> tisdag-torsdag kl 16.30–18, lördag-söndag kl 13–15. <a href="https://www.finspangskonstforening.se" target="_blank" rel="noopener">Info</a><strong><br />
</strong></p>
<p><strong>Engelska magasinet/Rejmyre Art Lab, REJMYRE <a href="https://www.rejmyreartlab.org/events" target="_blank" rel="noopener">Info</a><br />
</strong><strong><em>Utställning:</em></strong> • <em>Finding Any Thing – Historien om Tillflyktspaviljongen – Daniel Peltz </em>.3/4–17/5 2026. ••<strong> Öppet</strong> onsdag &amp; lördag kl 11–16. Samt 3–5/4, 9–10/5 &amp; 14–17/5 kl 11–16.<br />
<strong><em>Tillflyktspaviljongen – The Refuge.</em></strong></p>
<p><strong>Reijmyre glasmuseum/Turistbyrån, REJMYRE</strong> <em><strong>Fast utställning:</strong> Glasbrukshistoria • <strong>Säsongsutställning:</strong></em> <em><del>Drycker – glasserviser, damejeanner och svagdricksflaskor.</del>  </em>•• <strong>Öppet 2025</strong> Lördag–söndag kl 11–16. Midsommarafton stängt. 23/6–17/8 tisdag–söndag kl 11–16. 18/5–28/9 lördag–söndag kl 11–16..  <a href="http://www.rejmyrehembygdsforening.se/glasmuseum-2022.shtml" target="_blank" rel="noopener">Info</a></p>
<p><span style="color: #0000ff;">ARBETSLIVSMUSEER, BYGDEGÅRDAR, KYRKA m.m.</span></p>
<p><strong>Dockskåpsvrån Rävlämmen, Vandrarhemmet, LOTORP </strong> <a href="https://dockskapsvran.com/kontakt-oppettider/" target="_blank" rel="noopener"> Info</a><del></del></p>
<p><strong>Hembygdsgården, RISINGE</strong>  <a href="https://www.hembygd.se/risinge" target="_blank" rel="noopener">Info</a></p>
<p><strong>Hembygdsgården Käxelvik, </strong><strong>SKEDEVI </strong><a href="https://www.hembygd.se/skedevi" target="_blank" rel="noopener">Info</a></p>
<p><strong>Häfla hammarsmedja, HÄVLA ••</strong> <strong>Öppet</strong>  21/6, 28/6 kl 11–17.  1/7–17/8 tisdag–söndag kl 11–17. • <em>Smedjans dag</em> x/8. <a href="https://www.facebook.com/SmedjansDag/" target="_blank" rel="noopener">Info</a><del><br />
</del></p>
<p><strong>Lantbruksmuseet, LJUSFALLSHAMMAR </strong><em> •• </em><strong>Öppet</strong> 24/6–31/8 tis, tors, sön 10–16. <a href="http://www.lantbruksmuseum.se" target="_blank" rel="noopener">Info</a></p>
<p><strong>S:ta Maria kyrka, RISINGE</strong> •• <strong>Öppet</strong> onsdagar kl. 9–14. Guidad visning  8/7, 15/7,22/7, 29/7, 5/8  kl 17–18.  <a href="https://www.svenskakyrkan.se/finspang/sta-maria-kyrka" target="_blank" rel="noopener">Info</a></p>
<p><strong>Turbinhistoriskt museum, Orangeriet vid Finspångs slott.</strong> •• <strong>Öppet</strong> torsdagar kl 13–16. <a href="https://www.visitostergotland.se/196029/Turbinmuseum-i-Orangeriet/" target="_blank" rel="noopener">Info</a></p>

<p>FINSPÅNG UTSTÄLLNINGAR Finspångs bibliotek • Finspångs Konstförening, Bergska skolan • Lars Olofsson. 5–19/9 2026. • Arjuna Geir Aasehaug &amp; Susanne Nyholm. 10–24/40 2026. • Anette Theodoridis &amp; Marianne Karlsson. 14–28/11 … <a class="continue-reading-link" href="https://www.kultursidan.nu/?page_id=19324">Läs mer <span class="meta-nav">&rarr; </span></a></p>
